{"id":1612,"date":"2017-02-10T16:42:04","date_gmt":"2017-02-10T16:42:04","guid":{"rendered":"http:\/\/www.huabn.eu\/?page_id=1612"},"modified":"2026-03-12T16:06:11","modified_gmt":"2026-03-12T16:06:11","slug":"termine-angebote-tipps","status":"publish","type":"page","link":"https:\/\/huabn.eu\/?page_id=1612","title":{"rendered":"TERMINE"},"content":{"rendered":"<table style=\"height: 43px;\" border=\"1\" width=\"144\" cellspacing=\"0\" cellpadding=\"4\">\n<colgroup> <\/colgroup>\n<tbody>\n<tr valign=\"TOP\">\n<td width=\"312\"><span style=\"font-size: 12pt;\"><strong>&nbsp;Termine<\/strong><\/span><\/td>\n<\/tr>\n<\/tbody>\n<\/table>\n<table style=\"width: 59.8812%; height: 287px;\">\n<tbody>\n<tr>\n<td style=\"text-align: left; width: 97.619%;\"><span style=\"font-size: 12pt;\"><span style=\"font-size: 12pt;\"><strong><em><a href=\"http:\/\/www.huabn.eu\/?p=1570\" target=\"_blank\" rel=\"noopener\">KulinarischLiterarisch<\/a><\/em><\/strong><\/span><\/span> <span style=\"font-size: 12pt;\"><strong><br \/>\n<\/strong>Gemeinsames Genie\u00dfen an der langen Tafel &#8211;<\/span><br \/>\n<span style=\"font-size: 12pt;\">literarischen Leckerbissen zu einem ausgew\u00e4hlten Thema lauschen sowie die&nbsp; bereichernden Gespr\u00e4che sind die Zutaten dieser Abende.<\/span><span style=\"font-size: 12pt;\">&nbsp;<br \/>\n<\/span><span style=\"font-size: 12pt;\"><br \/>\nTermin wird in K\u00fcrze bekanntgegeben.&nbsp;<br \/>\n<\/span><span style=\"font-size: 12pt;\">Anmeldung 3 Tage vor der <\/span><span style=\"font-size: 12pt;\">Veranstaltung erbeten.<\/span><br \/>\n<span style=\"font-size: 12pt;\">Freiwillige Spende&nbsp;<\/span>&nbsp;<\/p>\n<p><a href=\"https:\/\/huabn.eu\/?p=2663\"><span style=\"font-size: 12pt;\"><strong><em>Yoga<\/em><\/strong><\/span><\/a><br \/>\n<span style=\"font-size: 12pt;\">mit Silvia Adam Scheucher<br \/>\n<\/span><strong><span style=\"font-size: 12pt;\">Donnerstag, 5., 12., 19. 20. M\u00e4rz, 9. April<\/span><\/strong><br \/>\n<span style=\"font-size: 12pt;\">jeweils 9.00 &#8211; 10.30 Uhr<\/span><\/p>\n<p>&nbsp;<\/p>\n<p><span style=\"font-size: 12pt;\"><a href=\"https:\/\/huabn.eu\/?p=2550\"><em><strong>Yoga Retreat<\/strong><\/em><\/a><\/span><br \/>\n<em><span style=\"font-size: 12pt;\">mit Carina Kapper<\/span><\/em><br \/>\n<span style=\"font-size: 12pt;\"><strong>Samstag, 21. 03. 2026, 10.00 &#8211; 18.00<\/strong><br \/>\nAnmeldung: Carina Kapper, 0664\/75067990<\/span><\/p>\n<p>&nbsp;<\/p>\n<p><a href=\"https:\/\/huabn.eu\/?p=2716\"><span style=\"font-size: 12pt;\"><em><strong>Gef\u00fchrte Meditationsreise<\/strong><\/em><\/span><\/a><\/p>\n<p><span style=\"font-size: 12pt;\"><em>mit Bianca Riegler<br \/>\n<\/em><strong>Samstag, 25. 04. 2026, 18.00 &#8211; 19.30<br \/>\n<\/strong>Anmeldung: rieglerbianca@icloud@com&nbsp;<\/span><\/p>\n<p>&nbsp;<\/p>\n<p><span style=\"font-size: 12pt;\"><br \/>\n<\/span><span style=\"font-size: 12pt;\"><br \/>\n<\/span>&nbsp;<span style=\"color: #808000; font-size: 12pt;\"><span style=\"color: #333333;\"><br \/>\n<\/span><\/span><\/p>\n<table style=\"width: 363px; height: 700px;\">\n<tbody>\n<tr>\n<td><span style=\"font-size: 14pt;\"><a href=\"http:\/\/www.huabn.eu\/?cat=1\" target=\"_blank\" rel=\"noopener\"><strong><span style=\"font-size: 12pt;\">&#8230;Seminare und Angebote&nbsp; <\/span><\/strong><\/a><\/span><br \/>\n<span style=\"font-size: 12pt;\">nach individueller Vereinbarung<\/span>&nbsp;&nbsp;&nbsp;&nbsp;&nbsp;&nbsp;&nbsp;&nbsp;&nbsp;<br \/>\n&nbsp;<span style=\"font-size: 12pt;\"><strong><a title=\"1 Tag kulinarisch und geistreich faulenzen\" href=\"http:\/\/www.huabn.eu\/?p=1234\" target=\"_blank\" rel=\"noopener\"><em>#Kulinarisch und geistreich faulenz<\/em><\/a><em>en<\/em><em><br \/>\n<\/em><\/strong>Ein Tag&nbsp; f\u00fcr K\u00f6rper, Geist und Seele, ab 4 Personen<br \/>\n<\/span><span style=\"font-size: 14pt;\"><span style=\"font-size: 12pt;\"><strong><em><a href=\"http:\/\/www.huabn.eu\/?p=1159\" target=\"_blank\" rel=\"noopener\">#Pr\u00e4vention und Gesundheit<\/a><br \/>\n<\/em><\/strong>Soforthilfe bei Stress und gesundheitlichen Problemen &#8211; f\u00fcr Gruppen und Einzelpersonen<\/span><span style=\"color: #800000;\"><strong><br \/>\n<\/strong><\/span><\/span><\/td>\n<\/tr>\n<tr>\n<td>&nbsp;<\/td>\n<\/tr>\n<tr>\n<td>&nbsp;<\/td>\n<\/tr>\n<tr>\n<td colspan=\"2\">&nbsp;<\/td>\n<\/tr>\n<\/tbody>\n<\/table>\n<\/td>\n<td style=\"width: 0.793651%;\">&nbsp;<\/td>\n<\/tr>\n<tr>\n<td style=\"width: 97.619%;\">&nbsp;<\/td>\n<td style=\"width: 0.793651%;\">&nbsp;<\/td>\n<\/tr>\n<tr>\n<td style=\"width: 97.619%;\">&nbsp;<\/td>\n<td style=\"width: 0.793651%;\">&nbsp;<\/td>\n<\/tr>\n<tr>\n<td style=\"width: 97.619%;\">&nbsp;<\/td>\n<td style=\"width: 0.793651%;\">&nbsp;<\/td>\n<\/tr>\n<tr>\n<td style=\"width: 98.4127%;\" colspan=\"2\"><strong><a title=\"1 Tag kulinarisch und geistreich faulenzen\" href=\"http:\/\/www.huabn.eu\/?p=1234\" target=\"_blank\" rel=\"noopener\"><em><span style=\"font-size: small;\">&nbsp;<\/span><\/em><\/a><\/strong><\/td>\n<\/tr>\n<\/tbody>\n<\/table>\n<table style=\"width: 525px; height: 123px;\">\n<tbody>\n<tr>\n<td><em><a href=\"https:\/\/www.facebook.com\/Im-Herz-Schritt-140864339417808\/\" target=\"_blank\" rel=\"noopener\">&nbsp;<\/a><\/em><\/td>\n<td>&nbsp;<\/td>\n<\/tr>\n<\/tbody>\n<\/table>\n<table style=\"width: 526px; height: 82px;\">\n<tbody>\n<tr>\n<td>&nbsp;<\/td>\n<td>&nbsp;<\/td>\n<\/tr>\n<\/tbody>\n<\/table>\n<p><a href=\"http:\/\/www.huabn.eu\/?page_id=1632\">&nbsp;<\/a><\/p>\n","protected":false},"excerpt":{"rendered":"<p>&nbsp;Termine KulinarischLiterarisch Gemeinsames Genie\u00dfen an der langen Tafel &#8211; literarischen Leckerbissen zu einem ausgew\u00e4hlten Thema lauschen sowie die&nbsp; bereichernden Gespr\u00e4che sind die Zutaten dieser Abende.&nbsp; Termin wird in K\u00fcrze bekanntgegeben.&nbsp; Anmeldung 3 Tage vor der Veranstaltung erbeten. Freiwillige Spende&nbsp;&nbsp; Yoga mit Silvia Adam Scheucher Donnerstag, 5., 12., 19. 20. M\u00e4rz, 9. April jeweils 9.00 &#8211; [&hellip;]<\/p>\n","protected":false},"author":2,"featured_media":0,"parent":0,"menu_order":3,"comment_status":"closed","ping_status":"closed","template":"wir_template.php","meta":{"_et_pb_use_builder":"off","_et_pb_old_content":"<table style=\"height: 43px;\" border=\"1\" width=\"144\" cellspacing=\"0\" cellpadding=\"4\"><colgroup> <\/colgroup>\n<tbody>\n<tr valign=\"TOP\">\n<td width=\"312\"><span style=\"font-size: 12pt;\"><strong>&nbsp;Termine<\/strong><\/span><\/td>\n<\/tr>\n<\/tbody>\n<\/table>\n<table style=\"width: 59.8812%; height: 287px;\">\n<tbody>\n<tr>\n<td style=\"text-align: left; width: 97.619%;\"><span style=\"font-size: 12pt;\"><span style=\"font-size: 12pt;\"><strong><em><a href=\"http:\/\/www.huabn.eu\/?p=1570\" target=\"_blank\" rel=\"noopener\">KulinarischLiterarisch<\/a><\/em><\/strong><\/span><\/span> <span style=\"font-size: 12pt;\"><strong>\n<\/strong><\/span><span style=\"font-size: 12pt;\">Gemeinsames Genie\u00dfen an der langen Tafel -<\/span>\n<span style=\"font-size: 12pt;\">literarischen Leckerbissen zu einem ausgew\u00e4hlten Thema lauschen\nund bereichernde Gespr\u00e4che sind die Zutaten dieser Abende.\n<\/span><span style=\"font-size: 12pt;\">wir verabschieden uns in die Winterpause. Ab Februar gibt es die neuen Termine<\/span>\n\n<span style=\"font-size: 14pt; color: #800000;\"><em>Yoga auf der Huabn<\/em><\/span>\n<strong><span style=\"font-size: 14pt;\"><a href=\"https:\/\/huabn.eu\/?p=2538\"><em><span style=\"font-size: 12pt;\">Vollmondyoga 2025<\/span><\/em> <\/a><\/span><\/strong>\n\n<span style=\"font-size: 12pt;\">mit Sabine Zenz, Silvia Adam-Scheucher, Helga Kirchengast<\/span>\n<span style=\"font-size: 12pt;\">jeweils um 18.30h<\/span>\n\n<span style=\"font-size: 12pt;\">Montag, 12. 01. 2025<\/span>\n<span style=\"font-size: 12pt;\">Mittwoch, 12. 02. 2025<\/span>\n<span style=\"font-size: 12pt;\">Freitag, 14. 03. 2025<\/span>\n<span style=\"font-size: 12pt;\">Sonntag, 12. 04. 2025<\/span>\n<span style=\"font-size: 12pt;\">Montag, 12. 05. 2025<\/span>\n<span style=\"font-size: 12pt;\">Mittwoch, 11. 06. 2025<\/span>\n<span style=\"font-size: 12pt;\">Donnerstag, 10. 07. 2025<\/span>\n<span style=\"font-size: 12pt;\">Samstag, 9. 08. 2025<\/span>\n<span style=\"font-size: 12pt;\">Sonntag, 7. 09. 2025<\/span>\n<span style=\"font-size: 12pt;\">Dienstag, 7. 10. 2025<\/span>\n<span style=\"font-size: 12pt;\">Mittwoch, 5. 11. 2025<\/span>\n<span style=\"font-size: 12pt;\">Samstag, 20. 12. 2025 (Neumond)<\/span>\n\n<strong><span style=\"color: #808000;\"><a style=\"color: #808000;\" href=\"https:\/\/huabn.eu\/?p=2572\"><span style=\"font-size: 12pt;\"><em>Gemma Gemeinsam<\/em> <\/span><\/a><\/span><\/strong>\n<span style=\"font-size: 12pt;\">In der Gemeinschaft Kraft tanken, um im Meer der Herausforderungen des Alltags sicher durch die St\u00fcrme zu navigieren. &nbsp; <\/span>\n<span style=\"font-size: 12pt;\">Freitag, 28. 02. 2025, 18.00 - 20.00h\nKostenbeitrag Eur. 27,-\n<\/span>\n\n<a href=\"https:\/\/huabn.eu\/?p=2550\"><em><span style=\"font-size: 12pt;\"><strong>Yoga Retreat<\/strong><\/span><\/em><\/a>\n<span style=\"font-size: 12pt;\">mit Carina Kapper\n<\/span><span style=\"font-size: 12pt;\">Samstag, 29. 03. 2025, 10.00 - 18.00h<\/span>\n\n<span style=\"color: #008000; font-size: 12pt;\"><em>Gesundheit, Bewu\u00dftheit, Meditation\n<span style=\"color: #000000;\">mit Denise Z\u00f6hrer und Paul Glanz\n<\/span><\/em><\/span><span style=\"font-size: 12pt;\">Samstag 03. 05. 2025<\/span>\n\n<span style=\"font-size: 12pt;\">\n<\/span><span style=\"font-size: 12pt;\">\n<\/span>&nbsp;<span style=\"color: #808000; font-size: 12pt;\"><span style=\"color: #333333;\">\n<\/span><\/span>\n<table style=\"width: 363px; height: 700px;\">\n<tbody>\n<tr>\n<td><span style=\"font-size: 14pt;\"><a href=\"http:\/\/www.huabn.eu\/?cat=1\" target=\"_blank\" rel=\"noopener\"><strong><span style=\"font-size: 12pt;\">...Seminare und Angebote&nbsp; <\/span><\/strong><\/a><\/span>\n<span style=\"font-size: 12pt;\">nach individueller Vereinbarung<\/span>&nbsp;&nbsp;&nbsp;&nbsp;&nbsp;&nbsp;&nbsp;&nbsp;&nbsp;\n&nbsp;<span style=\"font-size: 12pt;\"><strong><a title=\"1 Tag kulinarisch und geistreich faulenzen\" href=\"http:\/\/www.huabn.eu\/?p=1234\" target=\"_blank\" rel=\"noopener\"><em>#Kulinarisch und geistreich faulenz<\/em><\/a><em>en<\/em><em>\n<\/em><\/strong>Ein Tag&nbsp; f\u00fcr K\u00f6rper, Geist und Seele, ab 4 Personen\n<\/span><span style=\"font-size: 14pt;\"><span style=\"font-size: 12pt;\"><strong><em><a href=\"http:\/\/www.huabn.eu\/?p=1159\" target=\"_blank\" rel=\"noopener\">#Pr\u00e4vention und Gesundheit<\/a>\n<\/em><\/strong>Soforthilfe bei Stress und gesundheitlichen Problemen - f\u00fcr Gruppen und Einzelpersonen<\/span><span style=\"color: #800000;\"><strong>\n<\/strong><\/span><\/span><\/td>\n<\/tr>\n<tr>\n<td>&nbsp;<\/td>\n<\/tr>\n<tr>\n<td>&nbsp;<\/td>\n<\/tr>\n<tr>\n<td colspan=\"2\">&nbsp;<\/td>\n<\/tr>\n<\/tbody>\n<\/table>\n<\/td>\n<td style=\"width: 0.793651%;\">&nbsp;<\/td>\n<\/tr>\n<tr>\n<td style=\"width: 97.619%;\">&nbsp;<\/td>\n<td style=\"width: 0.793651%;\">&nbsp;<\/td>\n<\/tr>\n<tr>\n<td style=\"width: 97.619%;\">&nbsp;<\/td>\n<td style=\"width: 0.793651%;\">&nbsp;<\/td>\n<\/tr>\n<tr>\n<td style=\"width: 97.619%;\">&nbsp;<\/td>\n<td style=\"width: 0.793651%;\">&nbsp;<\/td>\n<\/tr>\n<tr>\n<td style=\"width: 98.4127%;\" colspan=\"2\"><strong><a title=\"1 Tag kulinarisch und geistreich faulenzen\" href=\"http:\/\/www.huabn.eu\/?p=1234\" target=\"_blank\" rel=\"noopener\"><em><span style=\"font-size: small;\">&nbsp;<\/span><\/em><\/a><\/strong><\/td>\n<\/tr>\n<\/tbody>\n<\/table>\n<table style=\"width: 525px; height: 123px;\">\n<tbody>\n<tr>\n<td><em><a href=\"https:\/\/www.facebook.com\/Im-Herz-Schritt-140864339417808\/\" target=\"_blank\" rel=\"noopener\">&nbsp;<\/a><\/em><\/td>\n<td>&nbsp;<\/td>\n<\/tr>\n<\/tbody>\n<\/table>\n<table style=\"width: 526px; height: 82px;\">\n<tbody>\n<tr>\n<td>&nbsp;<\/td>\n<td>&nbsp;<\/td>\n<\/tr>\n<\/tbody>\n<\/table>\n<a href=\"http:\/\/www.huabn.eu\/?page_id=1632\">&nbsp;<\/a>","_et_gb_content_width":"","ngg_post_thumbnail":0,"footnotes":""},"class_list":["post-1612","page","type-page","status-publish","hentry"],"yoast_head":"<!-- This site is optimized with the Yoast SEO plugin v27.4 - https:\/\/yoast.com\/product\/yoast-seo-wordpress\/ -->\n<title>TERMINE - Huabn %<\/title>\n<meta name=\"robots\" content=\"index, follow, max-snippet:-1, max-image-preview:large, max-video-preview:-1\" \/>\n<link rel=\"canonical\" href=\"https:\/\/huabn.eu\/?page_id=1612\" \/>\n<meta property=\"og:locale\" content=\"de_DE\" \/>\n<meta property=\"og:type\" content=\"article\" \/>\n<meta property=\"og:title\" content=\"TERMINE - Huabn %\" \/>\n<meta property=\"og:description\" content=\"&nbsp;Termine KulinarischLiterarisch Gemeinsames Genie\u00dfen an der langen Tafel &#8211; literarischen Leckerbissen zu einem ausgew\u00e4hlten Thema lauschen sowie die&nbsp; bereichernden Gespr\u00e4che sind die Zutaten dieser Abende.&nbsp; Termin wird in K\u00fcrze bekanntgegeben.&nbsp; Anmeldung 3 Tage vor der Veranstaltung erbeten. Freiwillige Spende&nbsp;&nbsp; Yoga mit Silvia Adam Scheucher Donnerstag, 5., 12., 19. 20. M\u00e4rz, 9. April jeweils 9.00 &#8211; [&hellip;]\" \/>\n<meta property=\"og:url\" content=\"https:\/\/huabn.eu\/?page_id=1612\" \/>\n<meta property=\"og:site_name\" content=\"Huabn\" \/>\n<meta property=\"article:publisher\" content=\"https:\/\/www.facebook.com\/helga.kirchengast\" \/>\n<meta property=\"article:modified_time\" content=\"2026-03-12T16:06:11+00:00\" \/>\n<meta name=\"twitter:card\" content=\"summary_large_image\" \/>\n<meta name=\"twitter:label1\" content=\"Gesch\u00e4tzte Lesezeit\" \/>\n\t<meta name=\"twitter:data1\" content=\"1\u00a0Minute\" \/>\n<script type=\"application\/ld+json\" class=\"yoast-schema-graph\">{\"@context\":\"https:\\\/\\\/schema.org\",\"@graph\":[{\"@type\":\"WebPage\",\"@id\":\"https:\\\/\\\/huabn.eu\\\/?page_id=1612\",\"url\":\"https:\\\/\\\/huabn.eu\\\/?page_id=1612\",\"name\":\"TERMINE - Huabn %\",\"isPartOf\":{\"@id\":\"https:\\\/\\\/huabn.eu\\\/#website\"},\"datePublished\":\"2017-02-10T16:42:04+00:00\",\"dateModified\":\"2026-03-12T16:06:11+00:00\",\"breadcrumb\":{\"@id\":\"https:\\\/\\\/huabn.eu\\\/?page_id=1612#breadcrumb\"},\"inLanguage\":\"de\",\"potentialAction\":[{\"@type\":\"ReadAction\",\"target\":[\"https:\\\/\\\/huabn.eu\\\/?page_id=1612\"]}]},{\"@type\":\"BreadcrumbList\",\"@id\":\"https:\\\/\\\/huabn.eu\\\/?page_id=1612#breadcrumb\",\"itemListElement\":[{\"@type\":\"ListItem\",\"position\":1,\"name\":\"Startseite\",\"item\":\"https:\\\/\\\/huabn.eu\\\/\"},{\"@type\":\"ListItem\",\"position\":2,\"name\":\"TERMINE\"}]},{\"@type\":\"WebSite\",\"@id\":\"https:\\\/\\\/huabn.eu\\\/#website\",\"url\":\"https:\\\/\\\/huabn.eu\\\/\",\"name\":\"Huabn - Krafttankstelle & Seminarraum\",\"description\":\"Krafttankstelle &amp; Seminarraum\",\"potentialAction\":[{\"@type\":\"SearchAction\",\"target\":{\"@type\":\"EntryPoint\",\"urlTemplate\":\"https:\\\/\\\/huabn.eu\\\/?s={search_term_string}\"},\"query-input\":{\"@type\":\"PropertyValueSpecification\",\"valueRequired\":true,\"valueName\":\"search_term_string\"}}],\"inLanguage\":\"de\"}]}<\/script>\n<!-- \/ Yoast SEO plugin. -->","yoast_head_json":{"title":"TERMINE - Huabn %","robots":{"index":"index","follow":"follow","max-snippet":"max-snippet:-1","max-image-preview":"max-image-preview:large","max-video-preview":"max-video-preview:-1"},"canonical":"https:\/\/huabn.eu\/?page_id=1612","og_locale":"de_DE","og_type":"article","og_title":"TERMINE - Huabn %","og_description":"&nbsp;Termine KulinarischLiterarisch Gemeinsames Genie\u00dfen an der langen Tafel &#8211; literarischen Leckerbissen zu einem ausgew\u00e4hlten Thema lauschen sowie die&nbsp; bereichernden Gespr\u00e4che sind die Zutaten dieser Abende.&nbsp; Termin wird in K\u00fcrze bekanntgegeben.&nbsp; Anmeldung 3 Tage vor der Veranstaltung erbeten. Freiwillige Spende&nbsp;&nbsp; Yoga mit Silvia Adam Scheucher Donnerstag, 5., 12., 19. 20. M\u00e4rz, 9. April jeweils 9.00 &#8211; [&hellip;]","og_url":"https:\/\/huabn.eu\/?page_id=1612","og_site_name":"Huabn","article_publisher":"https:\/\/www.facebook.com\/helga.kirchengast","article_modified_time":"2026-03-12T16:06:11+00:00","twitter_card":"summary_large_image","twitter_misc":{"Gesch\u00e4tzte Lesezeit":"1\u00a0Minute"},"schema":{"@context":"https:\/\/schema.org","@graph":[{"@type":"WebPage","@id":"https:\/\/huabn.eu\/?page_id=1612","url":"https:\/\/huabn.eu\/?page_id=1612","name":"TERMINE - Huabn %","isPartOf":{"@id":"https:\/\/huabn.eu\/#website"},"datePublished":"2017-02-10T16:42:04+00:00","dateModified":"2026-03-12T16:06:11+00:00","breadcrumb":{"@id":"https:\/\/huabn.eu\/?page_id=1612#breadcrumb"},"inLanguage":"de","potentialAction":[{"@type":"ReadAction","target":["https:\/\/huabn.eu\/?page_id=1612"]}]},{"@type":"BreadcrumbList","@id":"https:\/\/huabn.eu\/?page_id=1612#breadcrumb","itemListElement":[{"@type":"ListItem","position":1,"name":"Startseite","item":"https:\/\/huabn.eu\/"},{"@type":"ListItem","position":2,"name":"TERMINE"}]},{"@type":"WebSite","@id":"https:\/\/huabn.eu\/#website","url":"https:\/\/huabn.eu\/","name":"Huabn - Krafttankstelle & Seminarraum","description":"Krafttankstelle &amp; Seminarraum","potentialAction":[{"@type":"SearchAction","target":{"@type":"EntryPoint","urlTemplate":"https:\/\/huabn.eu\/?s={search_term_string}"},"query-input":{"@type":"PropertyValueSpecification","valueRequired":true,"valueName":"search_term_string"}}],"inLanguage":"de"}]}},"_links":{"self":[{"href":"https:\/\/huabn.eu\/index.php?rest_route=\/wp\/v2\/pages\/1612","targetHints":{"allow":["GET"]}}],"collection":[{"href":"https:\/\/huabn.eu\/index.php?rest_route=\/wp\/v2\/pages"}],"about":[{"href":"https:\/\/huabn.eu\/index.php?rest_route=\/wp\/v2\/types\/page"}],"author":[{"embeddable":true,"href":"https:\/\/huabn.eu\/index.php?rest_route=\/wp\/v2\/users\/2"}],"replies":[{"embeddable":true,"href":"https:\/\/huabn.eu\/index.php?rest_route=%2Fwp%2Fv2%2Fcomments&post=1612"}],"version-history":[{"count":135,"href":"https:\/\/huabn.eu\/index.php?rest_route=\/wp\/v2\/pages\/1612\/revisions"}],"predecessor-version":[{"id":2724,"href":"https:\/\/huabn.eu\/index.php?rest_route=\/wp\/v2\/pages\/1612\/revisions\/2724"}],"wp:attachment":[{"href":"https:\/\/huabn.eu\/index.php?rest_route=%2Fwp%2Fv2%2Fmedia&parent=1612"}],"curies":[{"name":"wp","href":"https:\/\/api.w.org\/{rel}","templated":true}]}}