{"id":1632,"date":"2017-02-11T12:33:09","date_gmt":"2017-02-11T12:33:09","guid":{"rendered":"http:\/\/www.huabn.eu\/?page_id=1632"},"modified":"2023-05-03T07:58:18","modified_gmt":"2023-05-03T07:58:18","slug":"tipps-aus-der-region","status":"publish","type":"page","link":"https:\/\/huabn.eu\/?page_id=1632","title":{"rendered":"Tipps aus der Region"},"content":{"rendered":"<p><span style=\"font-size: 12pt;\">Ein wunderbarer Platz, wo du&nbsp; die Seele baumeln lassen kannst mit liebevoller, famili\u00e4rer Atmosph\u00e4re ist das <a href=\"http:\/\/www.sonnenhaus-grandl.com\" target=\"_blank\" rel=\"noopener\">Sonnenhaus Grandl<\/a> in Auersbach<\/span><\/p>\n<p><span style=\"font-size: 12pt;\">Ein vielf\u00e4ltiges Angebot an F\u00fchrungen und Begleitungen durch die von Vulkanen gepr\u00e4gte Landschaft, zu den innovativen Betrieben und besonderen Pl\u00e4tzen der Region f\u00fchrt mit Freude, umfassendem Wissen und ma\u00dfgeschneidert f\u00fcr ihre Anspr\u00fcche das Team von <a href=\"https:\/\/www.spiritour.at\/\" target=\"_blank\" rel=\"noopener\">Spirit of Regions <\/a><\/span><\/p>\n<p><span style=\"font-size: 12pt;\">Workshops zum Leben mit Kr\u00e4utern mit <a href=\"http:\/\/www.kraeuterhuegel.at\" target=\"_blank\" rel=\"noopener\">Kr\u00e4uterp\u00e4dagogin Andrea Bregar<\/a> findest du ganz in unserer N\u00e4he in ihrem idyllisch gelegenen Kr\u00e4utergarten in Gossendorf<\/span><\/p>\n<p><span style=\"font-size: 12pt;\">Bioblumen, Gestecke, Kr\u00e4nze und Blumenworkshops der besonderen Art gibt es bei <a href=\"http:\/\/www.vomhuegel.at\" target=\"_blank\" rel=\"noopener\">Margrit de Colle<\/a> in Erbersdorf<\/span><\/p>\n<p><span style=\"font-size: 12pt;\">Ein gepflegtes Glas Wein und genussvolle vinophile Veranstaltungen findest du in <a href=\"http:\/\/www.sissisweinbar.net\" target=\"_blank\" rel=\"noopener\">Sissi\u00b4s Weinbar<\/a> in Feldbach<\/span><\/p>\n","protected":false},"excerpt":{"rendered":"<p>Ein wunderbarer Platz, wo du&nbsp; die Seele baumeln lassen kannst mit liebevoller, famili\u00e4rer Atmosph\u00e4re ist das Sonnenhaus Grandl in Auersbach Ein vielf\u00e4ltiges Angebot an F\u00fchrungen und Begleitungen durch die von Vulkanen gepr\u00e4gte Landschaft, zu den innovativen Betrieben und besonderen Pl\u00e4tzen der Region f\u00fchrt mit Freude, umfassendem Wissen und ma\u00dfgeschneidert f\u00fcr ihre Anspr\u00fcche das Team von [&hellip;]<\/p>\n","protected":false},"author":2,"featured_media":0,"parent":1612,"menu_order":0,"comment_status":"closed","ping_status":"closed","template":"huabn_template.php","meta":{"_et_pb_use_builder":"","_et_pb_old_content":"","_et_gb_content_width":"","ngg_post_thumbnail":0,"footnotes":""},"class_list":["post-1632","page","type-page","status-publish","hentry"],"yoast_head":"<!-- This site is optimized with the Yoast SEO plugin v27.4 - https:\/\/yoast.com\/product\/yoast-seo-wordpress\/ -->\n<title>Tipps aus der Region - Huabn<\/title>\n<meta name=\"robots\" content=\"index, follow, max-snippet:-1, max-image-preview:large, max-video-preview:-1\" \/>\n<link rel=\"canonical\" href=\"https:\/\/huabn.eu\/?page_id=1632\" \/>\n<meta property=\"og:locale\" content=\"de_DE\" \/>\n<meta property=\"og:type\" content=\"article\" \/>\n<meta property=\"og:title\" content=\"Tipps aus der Region - Huabn\" \/>\n<meta property=\"og:description\" content=\"Ein wunderbarer Platz, wo du&nbsp; die Seele baumeln lassen kannst mit liebevoller, famili\u00e4rer Atmosph\u00e4re ist das Sonnenhaus Grandl in Auersbach Ein vielf\u00e4ltiges Angebot an F\u00fchrungen und Begleitungen durch die von Vulkanen gepr\u00e4gte Landschaft, zu den innovativen Betrieben und besonderen Pl\u00e4tzen der Region f\u00fchrt mit Freude, umfassendem Wissen und ma\u00dfgeschneidert f\u00fcr ihre Anspr\u00fcche das Team von [&hellip;]\" \/>\n<meta property=\"og:url\" content=\"https:\/\/huabn.eu\/?page_id=1632\" \/>\n<meta property=\"og:site_name\" content=\"Huabn\" \/>\n<meta property=\"article:publisher\" content=\"https:\/\/www.facebook.com\/helga.kirchengast\" \/>\n<meta property=\"article:modified_time\" content=\"2023-05-03T07:58:18+00:00\" \/>\n<meta name=\"twitter:card\" content=\"summary_large_image\" \/>\n<meta name=\"twitter:label1\" content=\"Gesch\u00e4tzte Lesezeit\" \/>\n\t<meta name=\"twitter:data1\" content=\"1\u00a0Minute\" \/>\n<script type=\"application\/ld+json\" class=\"yoast-schema-graph\">{\"@context\":\"https:\\\/\\\/schema.org\",\"@graph\":[{\"@type\":\"WebPage\",\"@id\":\"https:\\\/\\\/huabn.eu\\\/?page_id=1632\",\"url\":\"https:\\\/\\\/huabn.eu\\\/?page_id=1632\",\"name\":\"Tipps aus der Region - Huabn\",\"isPartOf\":{\"@id\":\"https:\\\/\\\/huabn.eu\\\/#website\"},\"datePublished\":\"2017-02-11T12:33:09+00:00\",\"dateModified\":\"2023-05-03T07:58:18+00:00\",\"breadcrumb\":{\"@id\":\"https:\\\/\\\/huabn.eu\\\/?page_id=1632#breadcrumb\"},\"inLanguage\":\"de\",\"potentialAction\":[{\"@type\":\"ReadAction\",\"target\":[\"https:\\\/\\\/huabn.eu\\\/?page_id=1632\"]}]},{\"@type\":\"BreadcrumbList\",\"@id\":\"https:\\\/\\\/huabn.eu\\\/?page_id=1632#breadcrumb\",\"itemListElement\":[{\"@type\":\"ListItem\",\"position\":1,\"name\":\"Startseite\",\"item\":\"https:\\\/\\\/huabn.eu\\\/\"},{\"@type\":\"ListItem\",\"position\":2,\"name\":\"TERMINE\",\"item\":\"https:\\\/\\\/huabn.eu\\\/?page_id=1612\"},{\"@type\":\"ListItem\",\"position\":3,\"name\":\"Tipps aus der Region\"}]},{\"@type\":\"WebSite\",\"@id\":\"https:\\\/\\\/huabn.eu\\\/#website\",\"url\":\"https:\\\/\\\/huabn.eu\\\/\",\"name\":\"Huabn - Krafttankstelle & Seminarraum\",\"description\":\"Krafttankstelle &amp; Seminarraum\",\"potentialAction\":[{\"@type\":\"SearchAction\",\"target\":{\"@type\":\"EntryPoint\",\"urlTemplate\":\"https:\\\/\\\/huabn.eu\\\/?s={search_term_string}\"},\"query-input\":{\"@type\":\"PropertyValueSpecification\",\"valueRequired\":true,\"valueName\":\"search_term_string\"}}],\"inLanguage\":\"de\"}]}<\/script>\n<!-- \/ Yoast SEO plugin. -->","yoast_head_json":{"title":"Tipps aus der Region - Huabn","robots":{"index":"index","follow":"follow","max-snippet":"max-snippet:-1","max-image-preview":"max-image-preview:large","max-video-preview":"max-video-preview:-1"},"canonical":"https:\/\/huabn.eu\/?page_id=1632","og_locale":"de_DE","og_type":"article","og_title":"Tipps aus der Region - Huabn","og_description":"Ein wunderbarer Platz, wo du&nbsp; die Seele baumeln lassen kannst mit liebevoller, famili\u00e4rer Atmosph\u00e4re ist das Sonnenhaus Grandl in Auersbach Ein vielf\u00e4ltiges Angebot an F\u00fchrungen und Begleitungen durch die von Vulkanen gepr\u00e4gte Landschaft, zu den innovativen Betrieben und besonderen Pl\u00e4tzen der Region f\u00fchrt mit Freude, umfassendem Wissen und ma\u00dfgeschneidert f\u00fcr ihre Anspr\u00fcche das Team von [&hellip;]","og_url":"https:\/\/huabn.eu\/?page_id=1632","og_site_name":"Huabn","article_publisher":"https:\/\/www.facebook.com\/helga.kirchengast","article_modified_time":"2023-05-03T07:58:18+00:00","twitter_card":"summary_large_image","twitter_misc":{"Gesch\u00e4tzte Lesezeit":"1\u00a0Minute"},"schema":{"@context":"https:\/\/schema.org","@graph":[{"@type":"WebPage","@id":"https:\/\/huabn.eu\/?page_id=1632","url":"https:\/\/huabn.eu\/?page_id=1632","name":"Tipps aus der Region - Huabn","isPartOf":{"@id":"https:\/\/huabn.eu\/#website"},"datePublished":"2017-02-11T12:33:09+00:00","dateModified":"2023-05-03T07:58:18+00:00","breadcrumb":{"@id":"https:\/\/huabn.eu\/?page_id=1632#breadcrumb"},"inLanguage":"de","potentialAction":[{"@type":"ReadAction","target":["https:\/\/huabn.eu\/?page_id=1632"]}]},{"@type":"BreadcrumbList","@id":"https:\/\/huabn.eu\/?page_id=1632#breadcrumb","itemListElement":[{"@type":"ListItem","position":1,"name":"Startseite","item":"https:\/\/huabn.eu\/"},{"@type":"ListItem","position":2,"name":"TERMINE","item":"https:\/\/huabn.eu\/?page_id=1612"},{"@type":"ListItem","position":3,"name":"Tipps aus der Region"}]},{"@type":"WebSite","@id":"https:\/\/huabn.eu\/#website","url":"https:\/\/huabn.eu\/","name":"Huabn - Krafttankstelle & Seminarraum","description":"Krafttankstelle &amp; Seminarraum","potentialAction":[{"@type":"SearchAction","target":{"@type":"EntryPoint","urlTemplate":"https:\/\/huabn.eu\/?s={search_term_string}"},"query-input":{"@type":"PropertyValueSpecification","valueRequired":true,"valueName":"search_term_string"}}],"inLanguage":"de"}]}},"_links":{"self":[{"href":"https:\/\/huabn.eu\/index.php?rest_route=\/wp\/v2\/pages\/1632","targetHints":{"allow":["GET"]}}],"collection":[{"href":"https:\/\/huabn.eu\/index.php?rest_route=\/wp\/v2\/pages"}],"about":[{"href":"https:\/\/huabn.eu\/index.php?rest_route=\/wp\/v2\/types\/page"}],"author":[{"embeddable":true,"href":"https:\/\/huabn.eu\/index.php?rest_route=\/wp\/v2\/users\/2"}],"replies":[{"embeddable":true,"href":"https:\/\/huabn.eu\/index.php?rest_route=%2Fwp%2Fv2%2Fcomments&post=1632"}],"version-history":[{"count":1,"href":"https:\/\/huabn.eu\/index.php?rest_route=\/wp\/v2\/pages\/1632\/revisions"}],"predecessor-version":[{"id":2113,"href":"https:\/\/huabn.eu\/index.php?rest_route=\/wp\/v2\/pages\/1632\/revisions\/2113"}],"up":[{"embeddable":true,"href":"https:\/\/huabn.eu\/index.php?rest_route=\/wp\/v2\/pages\/1612"}],"wp:attachment":[{"href":"https:\/\/huabn.eu\/index.php?rest_route=%2Fwp%2Fv2%2Fmedia&parent=1632"}],"curies":[{"name":"wp","href":"https:\/\/api.w.org\/{rel}","templated":true}]}}