{"id":866,"date":"2013-06-17T14:53:31","date_gmt":"2013-06-17T14:53:31","guid":{"rendered":"http:\/\/www.huabn.eu\/?page_id=866"},"modified":"2025-09-08T09:47:05","modified_gmt":"2025-09-08T09:47:05","slug":"lebensinn-padagoginnen","status":"publish","type":"page","link":"https:\/\/huabn.eu\/?page_id=866","title":{"rendered":"LebenSinn &#8211; Schule"},"content":{"rendered":"<p align=\"LEFT\"><span style=\"font-size: 12pt;\"><a href=\"http:\/\/www.huabn.eu\/wp-content\/uploads\/2013\/06\/Logo-.jpg\"><img loading=\"lazy\" decoding=\"async\" class=\" wp-image-1132 alignnone\" src=\"http:\/\/www.huabn.eu\/wp-content\/uploads\/2013\/06\/Logo-.jpg\" alt=\"Logo\" width=\"539\" height=\"82\" srcset=\"https:\/\/huabn.eu\/wp-content\/uploads\/2013\/06\/Logo-.jpg 624w, https:\/\/huabn.eu\/wp-content\/uploads\/2013\/06\/Logo--300x45.jpg 300w, https:\/\/huabn.eu\/wp-content\/uploads\/2013\/06\/Logo--30x4.jpg 30w\" sizes=\"(max-width: 539px) 100vw, 539px\" \/><\/a><\/span><\/p>\n<p align=\"LEFT\"><span style=\"font-size: 12pt;\"><strong><span style=\"color: #b84700;\"><span style=\"font-family: Arial,sans-serif;\">Unterrichten statt b\u00e4ndigen <\/span><\/span><\/strong><\/span><\/p>\n<p align=\"LEFT\"><span style=\"font-size: 12pt;\"><strong><span style=\"color: #b84700;\"><span style=\"font-family: Arial,sans-serif;\">P\u00e4dagoginnen und P\u00e4dagogen leisten t\u00e4glich hervorragende Arbeit<br \/>\n<\/span><\/span><\/strong><span style=\"color: #b84700;\"><span style=\"font-family: Arial,sans-serif;\">Im beruflichen Alltag gibt es jedoch immer wieder Situationen, die es sehr schwer machen, das zu tun, was sie wirklich wollen &#8211; das ist lehren. Die fachliche Ausbildung und Qualifikation ist hervorragend. In&nbsp; der Praxis sind P\u00e4dagoginnen und P\u00e4dagogen jedoch sehr oft gefordert, Kinder zu tr\u00f6sten, zu versorgen, Konflikte zu l\u00f6sen und f\u00fcr die Freude am Lernen zu motivieren. Zus\u00e4tzlichen Druck verursacht die als \u00fcberbordend empfundene B\u00fcrokratie<\/span><\/span><\/span><\/p>\n<p align=\"LEFT\"><span style=\"color: #b84700; font-size: 12pt;\"><span style=\"font-family: Arial,sans-serif;\">Mit Erkenntnissen aus Wissenschaft und Erfahrungen aus der Praxis vermittle ich in meinen Trainings und Beratungen <strong>anwendungsorientiertes, praxisnahes und nachhaltiges Lernen.<\/strong><br \/>\n<\/span><\/span><\/p>\n<p align=\"LEFT\"><span style=\"font-size: 12pt;\"><strong><span style=\"color: #b84700;\">&nbsp;<\/span><span style=\"color: #b84700;\"><span style=\"font-family: Arial,sans-serif;\">Ich biete<\/span><\/span><span style=\"color: #b84700;\"><span style=\"font-family: Arial,sans-serif;\"><br \/>\n<\/span><\/span><\/strong><span style=\"color: #b84700;\"><span style=\"font-family: Arial,sans-serif;\">&gt; Fortbildung f\u00fcr P\u00e4dagogInnen<br \/>\n&gt; Einzelcoaching<br \/>\n&gt; Workshops&nbsp; und Klassentrainings an Schulen<\/span><\/span><\/span><\/p>\n<p align=\"LEFT\"><span style=\"font-size: 12pt;\"><strong><span style=\"color: #b84700;\"><span style=\"font-family: Arial,sans-serif;\">Sie erhalten<br \/>\n<\/span><\/span><\/strong><span style=\"color: #b84700;\"><span style=\"font-family: Arial,sans-serif;\">&gt; effektive Werkzeuge,&nbsp; um ein f\u00f6rderliches Lernklima in der Klasse zu schaffen<br \/>\n&gt; Methoden zur konstruktiven Konfliktl\u00f6sung<br \/>\n&gt; Systemische Strategien f\u00fcr ein respektvolles Miteinander<br \/>\n&gt; Lernstrategien nach den neuesten Erkenntnissen der Gehirnforschung<\/span><\/span><\/span><\/p>\n<p align=\"LEFT\"><span style=\"color: #b84700; font-size: 12pt;\"><span style=\"font-family: Arial,sans-serif;\"><strong>Sie erfahren wie Sie<\/strong><br \/>\n&gt; die Herausforderungen des Schulalltages klar, mit Freude und gesund&nbsp; meistern<br \/>\n&gt; in schwierigen Situationen ruhig bleiben<br \/>\n&gt; zu Hause abschalten und schnell auftanken<\/span><\/span><\/p>\n<p align=\"LEFT\"><span style=\"font-size: 12pt;\"><span style=\"color: #b84700;\"><span style=\"font-family: Arial,sans-serif;\">Dies f\u00fchrt zu einer <strong>neuen Lernkultur<\/strong> und in Schulen durchgef\u00fchrt zu einer <strong>neuen Schulkultur<\/strong>, zu<\/span><\/span><strong><span style=\"color: #b84700;\"><span style=\"font-family: Arial,sans-serif;\"><br \/>\nSchulen, in die alle mit Freude gehen.<\/span><\/span><\/strong><\/span><\/p>\n<p align=\"LEFT\"><span style=\"font-size: 12pt;\"><span style=\"color: #b84700;\"><span style=\"font-family: Arial,sans-serif;\">Referenzen<\/span><\/span><strong><span style=\"color: #b84700;\"><span style=\"font-family: Arial,sans-serif;\"><br \/>\n<\/span><\/span><\/strong><span style=\"color: #b84700;\"><span style=\"font-family: Arial,sans-serif;\">NMS St. Marein im M\u00fcrztal<br \/>\nCoaching f\u00fcr SchulleiterInnen PH Nieder\u00f6sterreich<br \/>\nBurnout-Pr\u00e4vention Hauptschule Furth<br \/>\nSchulen des bfi Wien, Psychosoziale Gesundheit f\u00fcr LehrerInnen<br \/>\nVolkswirtschaftliche Gesellschaft Wien N\u00d6, Der Lehrer als Coach<\/span><\/span><\/span><\/p>\n<p align=\"LEFT\">&nbsp;<\/p>\n","protected":false},"excerpt":{"rendered":"<p>Unterrichten statt b\u00e4ndigen P\u00e4dagoginnen und P\u00e4dagogen leisten t\u00e4glich hervorragende Arbeit Im beruflichen Alltag gibt es jedoch immer wieder Situationen, die es sehr schwer machen, das zu tun, was sie wirklich wollen &#8211; das ist lehren. Die fachliche Ausbildung und Qualifikation ist hervorragend. In&nbsp; der Praxis sind P\u00e4dagoginnen und P\u00e4dagogen jedoch sehr oft gefordert, Kinder zu [&hellip;]<\/p>\n","protected":false},"author":3,"featured_media":0,"parent":1690,"menu_order":0,"comment_status":"open","ping_status":"open","template":"lebenssinn_template.php","meta":{"_et_pb_use_builder":"","_et_pb_old_content":"","_et_gb_content_width":"","ngg_post_thumbnail":0,"footnotes":""},"class_list":["post-866","page","type-page","status-publish","hentry"],"yoast_head":"<!-- This site is optimized with the Yoast SEO plugin v27.5 - https:\/\/yoast.com\/product\/yoast-seo-wordpress\/ -->\n<title>LebenSinn - Schule - Huabn<\/title>\n<meta name=\"robots\" content=\"index, follow, max-snippet:-1, max-image-preview:large, max-video-preview:-1\" \/>\n<link rel=\"canonical\" href=\"https:\/\/huabn.eu\/?page_id=866\" \/>\n<meta property=\"og:locale\" content=\"de_DE\" \/>\n<meta property=\"og:type\" content=\"article\" \/>\n<meta property=\"og:title\" content=\"LebenSinn - Schule - Huabn\" \/>\n<meta property=\"og:description\" content=\"Unterrichten statt b\u00e4ndigen P\u00e4dagoginnen und P\u00e4dagogen leisten t\u00e4glich hervorragende Arbeit Im beruflichen Alltag gibt es jedoch immer wieder Situationen, die es sehr schwer machen, das zu tun, was sie wirklich wollen &#8211; das ist lehren. Die fachliche Ausbildung und Qualifikation ist hervorragend. In&nbsp; der Praxis sind P\u00e4dagoginnen und P\u00e4dagogen jedoch sehr oft gefordert, Kinder zu [&hellip;]\" \/>\n<meta property=\"og:url\" content=\"https:\/\/huabn.eu\/?page_id=866\" \/>\n<meta property=\"og:site_name\" content=\"Huabn\" \/>\n<meta property=\"article:publisher\" content=\"https:\/\/www.facebook.com\/helga.kirchengast\" \/>\n<meta property=\"article:modified_time\" content=\"2025-09-08T09:47:05+00:00\" \/>\n<meta property=\"og:image\" content=\"http:\/\/www.huabn.eu\/wp-content\/uploads\/2013\/06\/Logo-.jpg\" \/>\n<meta name=\"twitter:card\" content=\"summary_large_image\" \/>\n<meta name=\"twitter:label1\" content=\"Gesch\u00e4tzte Lesezeit\" \/>\n\t<meta name=\"twitter:data1\" content=\"2\u00a0Minuten\" \/>\n<script type=\"application\/ld+json\" class=\"yoast-schema-graph\">{\"@context\":\"https:\\\/\\\/schema.org\",\"@graph\":[{\"@type\":\"WebPage\",\"@id\":\"https:\\\/\\\/huabn.eu\\\/?page_id=866\",\"url\":\"https:\\\/\\\/huabn.eu\\\/?page_id=866\",\"name\":\"LebenSinn - Schule - Huabn\",\"isPartOf\":{\"@id\":\"https:\\\/\\\/huabn.eu\\\/#website\"},\"primaryImageOfPage\":{\"@id\":\"https:\\\/\\\/huabn.eu\\\/?page_id=866#primaryimage\"},\"image\":{\"@id\":\"https:\\\/\\\/huabn.eu\\\/?page_id=866#primaryimage\"},\"thumbnailUrl\":\"http:\\\/\\\/www.huabn.eu\\\/wp-content\\\/uploads\\\/2013\\\/06\\\/Logo-.jpg\",\"datePublished\":\"2013-06-17T14:53:31+00:00\",\"dateModified\":\"2025-09-08T09:47:05+00:00\",\"breadcrumb\":{\"@id\":\"https:\\\/\\\/huabn.eu\\\/?page_id=866#breadcrumb\"},\"inLanguage\":\"de\",\"potentialAction\":[{\"@type\":\"ReadAction\",\"target\":[\"https:\\\/\\\/huabn.eu\\\/?page_id=866\"]}]},{\"@type\":\"ImageObject\",\"inLanguage\":\"de\",\"@id\":\"https:\\\/\\\/huabn.eu\\\/?page_id=866#primaryimage\",\"url\":\"http:\\\/\\\/www.huabn.eu\\\/wp-content\\\/uploads\\\/2013\\\/06\\\/Logo-.jpg\",\"contentUrl\":\"http:\\\/\\\/www.huabn.eu\\\/wp-content\\\/uploads\\\/2013\\\/06\\\/Logo-.jpg\"},{\"@type\":\"BreadcrumbList\",\"@id\":\"https:\\\/\\\/huabn.eu\\\/?page_id=866#breadcrumb\",\"itemListElement\":[{\"@type\":\"ListItem\",\"position\":1,\"name\":\"Startseite\",\"item\":\"https:\\\/\\\/huabn.eu\\\/\"},{\"@type\":\"ListItem\",\"position\":2,\"name\":\"LEBENSINN &#038; HUABN\",\"item\":\"https:\\\/\\\/huabn.eu\\\/?page_id=792\"},{\"@type\":\"ListItem\",\"position\":3,\"name\":\"LebenSinn &#8211; Mentaltraining\",\"item\":\"https:\\\/\\\/huabn.eu\\\/?page_id=1690\"},{\"@type\":\"ListItem\",\"position\":4,\"name\":\"LebenSinn &#8211; Schule\"}]},{\"@type\":\"WebSite\",\"@id\":\"https:\\\/\\\/huabn.eu\\\/#website\",\"url\":\"https:\\\/\\\/huabn.eu\\\/\",\"name\":\"Huabn - Krafttankstelle & Seminarraum\",\"description\":\"Krafttankstelle &amp; Seminarraum\",\"potentialAction\":[{\"@type\":\"SearchAction\",\"target\":{\"@type\":\"EntryPoint\",\"urlTemplate\":\"https:\\\/\\\/huabn.eu\\\/?s={search_term_string}\"},\"query-input\":{\"@type\":\"PropertyValueSpecification\",\"valueRequired\":true,\"valueName\":\"search_term_string\"}}],\"inLanguage\":\"de\"}]}<\/script>\n<!-- \/ Yoast SEO plugin. -->","yoast_head_json":{"title":"LebenSinn - Schule - Huabn","robots":{"index":"index","follow":"follow","max-snippet":"max-snippet:-1","max-image-preview":"max-image-preview:large","max-video-preview":"max-video-preview:-1"},"canonical":"https:\/\/huabn.eu\/?page_id=866","og_locale":"de_DE","og_type":"article","og_title":"LebenSinn - Schule - Huabn","og_description":"Unterrichten statt b\u00e4ndigen P\u00e4dagoginnen und P\u00e4dagogen leisten t\u00e4glich hervorragende Arbeit Im beruflichen Alltag gibt es jedoch immer wieder Situationen, die es sehr schwer machen, das zu tun, was sie wirklich wollen &#8211; das ist lehren. Die fachliche Ausbildung und Qualifikation ist hervorragend. In&nbsp; der Praxis sind P\u00e4dagoginnen und P\u00e4dagogen jedoch sehr oft gefordert, Kinder zu [&hellip;]","og_url":"https:\/\/huabn.eu\/?page_id=866","og_site_name":"Huabn","article_publisher":"https:\/\/www.facebook.com\/helga.kirchengast","article_modified_time":"2025-09-08T09:47:05+00:00","og_image":[{"url":"http:\/\/www.huabn.eu\/wp-content\/uploads\/2013\/06\/Logo-.jpg","type":"","width":"","height":""}],"twitter_card":"summary_large_image","twitter_misc":{"Gesch\u00e4tzte Lesezeit":"2\u00a0Minuten"},"schema":{"@context":"https:\/\/schema.org","@graph":[{"@type":"WebPage","@id":"https:\/\/huabn.eu\/?page_id=866","url":"https:\/\/huabn.eu\/?page_id=866","name":"LebenSinn - Schule - Huabn","isPartOf":{"@id":"https:\/\/huabn.eu\/#website"},"primaryImageOfPage":{"@id":"https:\/\/huabn.eu\/?page_id=866#primaryimage"},"image":{"@id":"https:\/\/huabn.eu\/?page_id=866#primaryimage"},"thumbnailUrl":"http:\/\/www.huabn.eu\/wp-content\/uploads\/2013\/06\/Logo-.jpg","datePublished":"2013-06-17T14:53:31+00:00","dateModified":"2025-09-08T09:47:05+00:00","breadcrumb":{"@id":"https:\/\/huabn.eu\/?page_id=866#breadcrumb"},"inLanguage":"de","potentialAction":[{"@type":"ReadAction","target":["https:\/\/huabn.eu\/?page_id=866"]}]},{"@type":"ImageObject","inLanguage":"de","@id":"https:\/\/huabn.eu\/?page_id=866#primaryimage","url":"http:\/\/www.huabn.eu\/wp-content\/uploads\/2013\/06\/Logo-.jpg","contentUrl":"http:\/\/www.huabn.eu\/wp-content\/uploads\/2013\/06\/Logo-.jpg"},{"@type":"BreadcrumbList","@id":"https:\/\/huabn.eu\/?page_id=866#breadcrumb","itemListElement":[{"@type":"ListItem","position":1,"name":"Startseite","item":"https:\/\/huabn.eu\/"},{"@type":"ListItem","position":2,"name":"LEBENSINN &#038; HUABN","item":"https:\/\/huabn.eu\/?page_id=792"},{"@type":"ListItem","position":3,"name":"LebenSinn &#8211; Mentaltraining","item":"https:\/\/huabn.eu\/?page_id=1690"},{"@type":"ListItem","position":4,"name":"LebenSinn &#8211; Schule"}]},{"@type":"WebSite","@id":"https:\/\/huabn.eu\/#website","url":"https:\/\/huabn.eu\/","name":"Huabn - Krafttankstelle & Seminarraum","description":"Krafttankstelle &amp; Seminarraum","potentialAction":[{"@type":"SearchAction","target":{"@type":"EntryPoint","urlTemplate":"https:\/\/huabn.eu\/?s={search_term_string}"},"query-input":{"@type":"PropertyValueSpecification","valueRequired":true,"valueName":"search_term_string"}}],"inLanguage":"de"}]}},"_links":{"self":[{"href":"https:\/\/huabn.eu\/index.php?rest_route=\/wp\/v2\/pages\/866","targetHints":{"allow":["GET"]}}],"collection":[{"href":"https:\/\/huabn.eu\/index.php?rest_route=\/wp\/v2\/pages"}],"about":[{"href":"https:\/\/huabn.eu\/index.php?rest_route=\/wp\/v2\/types\/page"}],"author":[{"embeddable":true,"href":"https:\/\/huabn.eu\/index.php?rest_route=\/wp\/v2\/users\/3"}],"replies":[{"embeddable":true,"href":"https:\/\/huabn.eu\/index.php?rest_route=%2Fwp%2Fv2%2Fcomments&post=866"}],"version-history":[{"count":1,"href":"https:\/\/huabn.eu\/index.php?rest_route=\/wp\/v2\/pages\/866\/revisions"}],"predecessor-version":[{"id":2112,"href":"https:\/\/huabn.eu\/index.php?rest_route=\/wp\/v2\/pages\/866\/revisions\/2112"}],"up":[{"embeddable":true,"href":"https:\/\/huabn.eu\/index.php?rest_route=\/wp\/v2\/pages\/1690"}],"wp:attachment":[{"href":"https:\/\/huabn.eu\/index.php?rest_route=%2Fwp%2Fv2%2Fmedia&parent=866"}],"curies":[{"name":"wp","href":"https:\/\/api.w.org\/{rel}","templated":true}]}}